1. Determine n(304).
-1
Let m(n) = n**2 + 2670*n + 39826. Give m(-15).
1
Let j(z) = -1348*z + 22618. Determine j(17).
-298
Let y(x) = -77*x**2 - 28*x + 32. What is y(3)?
-745
Let p(b) = 4*b**2 + b + 155. What is p(-12)?
719
Let c(d) = 66741*d + 400790. Give c(-6).
344
Let b(x) = 2*x**3 - 72*x**2 - 15987*x + 348948. Give b(21).
-9
Let k(c) = -c**3 + 64*c**2 - 1545*c + 110697. Give k(66).
15
Let t(s) = 4*s**2 - 397*s - 15065. What is t(-29)?
-188
Let c(i) = 68*i - 1590. Determine c(26).
178
Let c(y) = 1762*y - 26489. Give c(15).
-59
Let a(l) = -716655*l - 11466481. Calculate a(-16).
-1
Let i(h) = -443508*h - 4435065. Calculate i(-10).
15
Let i(c) = c**3 + 81*c**2 + 1250*c - 267. What is i(-24)?
2565
Let c(w) = -33*w + 4599. What is c(151)?
-384
Let b(d) = 9666*d + 213857. Determine b(-22).
1205
Let l(n) = n**2 - 19502*n - 156065. Calculate l(-8).
15
Let n(z) = 360*z - 20481. Determine n(57).
39
Let k(i) = 43*i - 39. Determine k(-14).
-641
Let m(z) = -39*z**2 - 49682*z + 149029. Give m(3).
-368
Let o(l) = -140*l - 10058. Calculate o(-78).
862
Let h(i) = 4463*i**2 + 22193*i - 610. Calculate h(-5).
0
Let d(k) = 1737*k + 90335. Give d(-52).
11
Let m(l) = 29*l**2 + 508*l + 220. Calculate m(-17).
-35
Let w(b) = 75708*b + 378528. What is w(-5)?
-12
Let x(t) = t**2 + 61*t - 14313. Calculate x(93).
9
Let p(r) = 436*r**3 - 140*r**2 - 135*r + 4. Determine p(-1).
-437
Let s(k) = 10*k**3 - 799*k**2 + 2529*k - 208728. Give s(80).
-8
Let z(x) = 9*x**2 - 4972*x - 9945. What is z(-2)?
35
Let p(v) = -v**3 + 53*v**2 + 128*v - 1156. Calculate p(55).
-166
Let a(g) = -g**3 + 64*g**2 - 368*g + 1197. Calculate a(58).
37
Let s(q) = -6136*q + 24455. Calculate s(4).
-89
Let v(f) = f**3 + 92*f**2 - 153*f + 3262. Calculate v(-94).
-28
Let b(a) = -8*a**2 - 3246*a - 2407. Calculate b(-405).
23
Let p(h) = h**2 - 9796*h + 224096. Calculate p(23).
-683
Let y(a) = -2*a**2 - 20*a + 246. What is y(-16)?
54
Let y(q) = -21*q**3 + 218*q**2 + 451*q + 21. Determine y(-2).
159
Let f(g) = 4*g**3 - 343*g**2 - 124*g + 904. Determine f(86).
-2364
Let d(x) = -2*x**2 - 291*x + 3604. Calculate d(-157).
-7
Let q(g) = -4282*g - 192685. Determine q(-45).
5
Let r(y) = 2*y**3 - 23*y**2 + 47*y + 97. Determine r(5).
7
Let g(j) = 149762*j + 2096667. Calculate g(-14).
-1
Let p(l) = -l**3 - 11*l**2 - 49*l - 2067. Determine p(-16).
-3
Let a(b) = -4*b**2 - 130*b + 3324. What is a(-45)?
1074
Let a(k) = -12*k**3 - 4748*k**2 - 7879*k + 429. Calculate a(-394).
35
Let s(h) = 155512*h + 18505922. What is s(-119)?
-6
Let w(s) = s**2 - 62*s + 838. Give w(25).
-87
Let z(n) = n**2 + 209*n - 14717. What is z(66)?
3433
Let t(a) = -5*a**3 - a**2 + 409*a + 815. Give t(-2).
33
Let x(y) = -798*y - 8192. Determine x(-10).
-212
Let l(i) = -2*i**2 - 818*i - 23481. Determine l(-31).
-45
Let w(k) = k**3 + 13*k**2 - 236*k + 569. Give w(8).
25
Let x(v) = v**3 - 4*v**2 - 636*v - 5339. Calculate x(-14).
37
Let j(h) = -50*h**2 + 86*h - 1219. What is j(8)?
-3731
Let s(t) = 376564*t - 10167234. Determine s(27).
-6
Let i(l) = 255*l**3 + 2294*l**2 + 29*l + 441. Determine i(-9).
99
Let a(j) = 15114*j - 120909. Determine a(8).
3
Let v(w) = 430*w + 2748. What is v(-6)?
168
Let j(h) = 2524*h - 80777. Determine j(32).
-9
Let r(c) = -2*c**3 + 76*c**2 - 348*c + 329. What is r(33)?
-265
Let q(a) = -7313*a + 672795. Give q(92).
-1
Let y(h) = 18055*h + 17833. Give y(-1).
-222
Let t(o) = 11*o**3 + 42*o**2 + 109*o + 201. Calculate t(-2).
63
Let y(j) = -5*j**3 + 291*j**2 + 4975*j - 517. What is y(72)?
-13
Let l(z) = -z**3 - 11*z**2 + 1461*z + 3655. What is l(-43)?
0
Let g(j) = -853*j**3 + j**2 + 24*j + 22. Determine g(-1).
852
Let i(j) = 3*j**2 - 259*j + 406. What is i(85)?
66
Let s(c) = 54*c**2 - 156*c - 157. Give s(-1).
53
Let c(g) = 3*g**2 - 70*g - 2789. What is c(43)?
-252
Let q(d) = 26*d**3 + 214*d**2 + 21*d - 25. Give q(-8).
191
Let j(c) = -1600*c + 2581. Give j(2).
-619
Let h(b) = 2*b**3 + 76*b**2 - 607*b - 17865. Determine h(-40).
15
Let s(i) = -163*i**2 + 137*i + 58. Calculate s(3).
-998
Let x(m) = -m**3 - 6*m**2 - m + 281. What is x(-11)?
897
Let r(m) = 723*m**3 - 3*m**2 - 269*m + 272. Calculate r(1).
723
Let f(w) = 2965*w - 34549. Give f(11).
-1934
Let m(l) = 5840*l + 35030. Calculate m(-6).
-10
Let l(n) = -n**3 + 55*n**2 - 54*n + 2819. Give l(55).
-151
Let h(i) = -2*i**2 + 160*i - 3584. Give h(38).
-392
Let s(n) = -2*n**2 + 642*n + 32995. What is s(-49)?
-3265
Let z(s) = -s**3 + 582*s**2 + 2690*s - 888857. Calculate z(584).
-9
Let q(j) = -4090*j - 928433. Give q(-227).
-3
Let j(q) = -6*q + 377. Calculate j(-28).
545
Let d(k) = -2225579*k + 2225574. What is d(1)?
-5
Let h(n) = 56*n**3 + 1236*n**2 + 86*n - 93. Calculate h(-22).
-49
Let f(v) = -104*v**2 - 13*v - 18. What is f(-2)?
-408
Let v(n) = -262*n**2 - 3646*n - 11676. Calculate v(-5).
4
Let n(b) = -2184*b + 10915. Calculate n(5).
-5
Let j(m) = -163*m**2 + 1629*m + 51. Give j(10).
41
Let y(i) = -144075*i + 1728911. Calculate y(12).
11
Let d(r) = -107817*r - 6792481. Determine d(-63).
-10
Let o(f) = -3*f**3 - 91*f**2 - 93*f - 1893. Determine o(-30).
-3
Let a(i) = i**2 + 145445*i - 1309079. Calculate a(9).
7
Let f(v) = v**3 + 73*v**2 + 1059*v + 22. Determine f(-53).
75
Let r(j) = -162888*j - 40721989. Give r(-250).
11
Let l(g) = 113*g - 4680. Give l(39).
-273
Let n(m) = 188*m + 2916. Give n(-13).
472
Let d(t) = 2*t**3 + 697*t**2 - 242305*t + 4. Calculate d(215).
4
Let t(i) = -39608*i + 20002066. Calculate t(505).
26
Let b(r) = -r**2 + 544*r - 12765. What is b(23)?
-782
Let i(x) = -x**3 - 21*x**2 - 158*x - 876. Give i(-8).
-444
Let w(c) = -18*c**2 + 96*c + 121. What is w(6)?
49
Let d(a) = 12*a**2 - 536*a - 1611. Calculate d(-3).
105
Let x(b) = 7966*b - 111576. Give x(14).
-52
Let g(r) = -39*r**2 - 3235*r - 12542. Give g(-4).
-226
Let h(k) = 3*k**2 + 4829*k + 28867. Give h(-6).
1
Let r(z) = -4224*z - 13494. Calculate r(-3).
-822
Let h(c) = -6*c**2 + 3015*c - 115994. What is h(42)?
52
Let b(j) = 395*j + 3058. Calculate b(-10).
-892
Let k(w) = 279*w + 12414. What is k(-45)?
-141
Let z(p) = -p**3 + 4247*p**2 - 25448*p + 28. Determine z(6).
16
Let b(z) = 7*z**2 - 78*z - 834. Determine b(-10).
646
Let x(d) = -452*d - 40849. Calculate x(-89).
-621
Let w(v) = -4*v**2 + 1163*v + 33271. What is w(317)?
-14
Let y(a) = 409331*a - 6549317. Calculate y(16).
-21
Let j(r) = -406*r + 373. What is j(1)?
-33
Let p(z) = -37*z**2 + 885*z + 527. Calculate p(24).
455
Let q(x) = x**3 - x**2 + 97*x + 997. Determine q(-12).
-2039
Let a(p) = 253*p**3 + 792*p**2 + 4*p - 33. Give a(-3).
252
Let r(f) = 288*f**2 - 4897*f + 40. Give r(17).
23
Let z(p) = -1285*p - 26823. Calculate z(-21).
162
Let a(b) = 5248*b - 435589. Calculate a(83).
-5
Let a(s) = 129927*s - 519826. Determine a(4).
-118
Let l(f) = -4*f**2 + 920*f - 1884. What is l(228)?
-60
Let l(t) = -6209*t + 571241. What is l(92)?
13
Let v(a) = -43*a**2 + 4795*a - 2642. Calculate v(111).
-200
Let j(m) = -11*m - 1343. Determine j(-131).
98
Let m(l) = -3*l**3 + 568*l**2 - 2943*l - 5. Give m(184).
179
Let o(v) = -3089*v + 422713. Calculate o(137).
-480
Let a(g) = g**3 + 28*g**2 - 140*g + 627. What is a(-33)?
-198
Let g(k) = 112153*k - 673018. Calculate g(6).
-100
Let x(m) = 565*m**2 - 10178*m + 43555. Determine x(7).
-6
Let x(v) = 136*v - 9412. Determine x(63).
-844
Let h(x) = -x**2 - 11*x + 22650. Give h(145).
30
Let z(h) = 7*h**2 + 33*h - 543. Determine z(14).
1291
Let b(p) = -2*p**2 + 596*p + 147720. What is b(459)?
-78
Let o(y) = -2*y**3 - 5*y**2 - 139*y - 697. What is o(-5)?
123
Let j(v) = -1842*v - 31322. Determine j(-17).
-8
Let w(f) = -4*f**3 - 46*f**2 - 2743*f - 29937. Give w(-11).
-6
Let b(w) = -w**2 - 5364*w + 48375. Calculate b(9).
18
Let d(j) = 3*j**2 + 11*j - 60. What is d(-6)?
-18
Let i(u) = -15*u - 2101. Determine i(-107).
-496
Let p(t) = -t**3 - 35*t**2 - 329*t - 325. What is p(-18)?
89
Let k(v) = -24*v**2 + 668*v + 143. Calculate k(28).
31
Let p(r) = 5*r**2 + 14361*r - 43129. What is p(3)?
-1
Let i(g) = -56*g**2 - 579*g - 194. What is i(-10)?
-4
Let q(r) = -57*r + 34302. Calculate q(601).
45
Let r(v) = 20344*v + 9459950. Determine r(-465).
-10
Let d(i) = -11028*i - 1334386. What is d(-121)?
2
Let b(y) = 3*y**2 + 493*y + 316. Determine b(-164).
152
Let j(b) = 827*b - 5820. Calculate j(7).
-31
Let l(b) = -5*b**3 - 140*b**2 - 130*b - 156. Determin